{"id":1475,"date":"2017-02-14T11:07:01","date_gmt":"2017-02-14T10:07:01","guid":{"rendered":"http:\/\/sls.sk\/web\/?page_id=1475"},"modified":"2017-02-14T18:51:44","modified_gmt":"2017-02-14T17:51:44","slug":"dokumenty-sls-a-legislativa","status":"publish","type":"page","link":"https:\/\/sls.sk\/web\/dokumenty-sls-a-legislativa\/","title":{"rendered":"Dokumenty SLS a legislat\u00edva"},"content":{"rendered":"<div class=\"content\">\n<div class=\"contentSmall\">\n<div class=\"newsList\">\n<div class=\"blok\">\n<div>\n<ul>\n<li><a href=\"http:\/\/sls.sk\/new\/dokumenty-sls-a-legislativa\/deklaracie\">Deklar\u00e1cie<\/a><\/li>\n<\/ul>\n<\/div>\n<\/div>\n<div class=\"blok\">\n<div>\n<ul>\n<li><a href=\"http:\/\/sls.sk\/new\/dokumenty-sls-a-legislativa\/vyhlasenia-a__stanoviska-sls\">Vyhl\u00e1senia a\u00a0stanovisk\u00e1 SLS<\/a><\/li>\n<\/ul>\n<\/div>\n<\/div>\n<div class=\"blok\">\n<div>\n<ul>\n<li><a href=\"http:\/\/sls.sk\/new\/dokumenty-sls-a-legislativa\/ine-dokumenty\">In\u00e9 dokumenty<\/a><\/li>\n<\/ul>\n<\/div>\n<\/div>\n<div class=\"blok\">\n<div>\n<ul>\n<li><a href=\"http:\/\/sls.sk\/new\/dokumenty-sls-a-legislativa\/vybrana-legislativa\">Vybran\u00e1 legislat\u00edva<\/a><\/li>\n<\/ul>\n<\/div>\n<\/div>\n<div class=\"blok\">\n<div>\n<ul>\n<li><a href=\"http:\/\/sls.sk\/new\/dokumenty-sls-a-legislativa\/archiv\">Arch\u00edv<\/a><\/li>\n<\/ul>\n<\/div>\n<\/div>\n<\/div>\n<\/div>\n<\/div>\n","protected":false},"excerpt":{"rendered":"<p>Deklar\u00e1cie Vyhl\u00e1senia a\u00a0stanovisk\u00e1 SLS In\u00e9 dokumenty Vybran\u00e1 legislat\u00edva Arch\u00edv<\/p>\n","protected":false},"author":1,"featured_media":0,"parent":0,"menu_order":0,"comment_status":"closed","ping_status":"closed","template":"","meta":{"footnotes":""},"class_list":["post-1475","page","type-page","status-publish","hentry"],"publishpress_future_action":{"enabled":false,"date":"2026-04-22 18:54:35","action":"change-status","newStatus":"draft","terms":[],"taxonomy":"","extraData":[]},"publishpress_future_workflow_manual_trigger":{"enabledWorkflows":[]},"_links":{"self":[{"href":"https:\/\/sls.sk\/web\/wp-json\/wp\/v2\/pages\/1475","targetHints":{"allow":["GET"]}}],"collection":[{"href":"https:\/\/sls.sk\/web\/wp-json\/wp\/v2\/pages"}],"about":[{"href":"https:\/\/sls.sk\/web\/wp-json\/wp\/v2\/types\/page"}],"author":[{"embeddable":true,"href":"https:\/\/sls.sk\/web\/wp-json\/wp\/v2\/users\/1"}],"replies":[{"embeddable":true,"href":"https:\/\/sls.sk\/web\/wp-json\/wp\/v2\/comments?post=1475"}],"version-history":[{"count":2,"href":"https:\/\/sls.sk\/web\/wp-json\/wp\/v2\/pages\/1475\/revisions"}],"predecessor-version":[{"id":1573,"href":"https:\/\/sls.sk\/web\/wp-json\/wp\/v2\/pages\/1475\/revisions\/1573"}],"wp:attachment":[{"href":"https:\/\/sls.sk\/web\/wp-json\/wp\/v2\/media?parent=1475"}],"curies":[{"name":"wp","href":"https:\/\/api.w.org\/{rel}","templated":true}]}}