{"id":1566,"date":"2017-02-14T18:48:23","date_gmt":"2017-02-14T17:48:23","guid":{"rendered":"http:\/\/sls.sk\/web\/?page_id=1566"},"modified":"2017-02-14T18:48:23","modified_gmt":"2017-02-14T17:48:23","slug":"archiv","status":"publish","type":"page","link":"https:\/\/sls.sk\/web\/archiv\/","title":{"rendered":"Arch\u00edv"},"content":{"rendered":"<div><strong>DOKUMENTY A STANOVISK\u00c1<\/strong><\/p>\n<p><a href=\"http:\/\/sls.sk\/new\/upload\/volebny-zjazd-delegatov.pdf\" target=\"_blank\">Volebn\u00fd zjazd deleg\u00e1tov Slovenskej lek\u00e1rskej spolo\u010dnosti<\/a> (28.11.2007)<br \/>\n<a href=\"http:\/\/sls.sk\/new\/upload\/prispevok02.doc\" target=\"_blank\">Stanovisko Predsedn\u00edctva SLS k ne\u017eiad\u00facim javom<\/a> (17.6.2005)<br \/>\n<a href=\"http:\/\/sls.sk\/new\/upload\/prispevok03.doc\" target=\"_blank\">Steriliz\u00e1cia &#8211; prehl\u00e1senie<\/a> (17.6.2005)<\/p>\n<p><strong>VOLEBN\u00dd ZJAZD SLS 2011<\/strong><\/p>\n<p><a href=\"http:\/\/sls.sk\/new\/upload\/prihovor-prezidenta-sls.pdf.pdf\" target=\"_blank\">Pr\u00edhovor prezidenta SLS<\/a> , <a href=\"http:\/\/sls.sk\/new\/upload\/zapisnica.pdf\" target=\"_blank\">Z\u00e1pisnica z v\u00fdsledku volieb a uznesenia Volebn\u00e9ho<\/a> , <a href=\"http:\/\/sls.sk\/new\/upload\/stanovisko.doc\" target=\"_blank\">Stanovisko Slovenskej lek\u00e1rskej spolo\u010dnosti k s\u00fa\u010dasnej situ\u00e1cii v zdravotn\u00edctve<\/a><\/p>\n<p><strong>PODPORN\u00c9 STANOVISK\u00c1<\/strong><\/p>\n<p><a href=\"http:\/\/sls.sk\/new\/upload\/zjazdsls2011\/list-wma.pdf\" target=\"_blank\">List WMA<\/a> , <a href=\"http:\/\/sls.sk\/new\/upload\/list-efma-who.pdf\" target=\"_blank\">List EFMA\/WHO<\/a> , <a href=\"http:\/\/sls.sk\/new\/upload\/marburgsky.pdf\" target=\"_blank\">Marburgsk\u00fd odborov\u00fd zv\u00e4z<\/a> , <a href=\"http:\/\/sls.sk\/new\/upload\/ockovanie-deti-vyhlasenie.pdf\" target=\"_blank\">Spolo\u010dn\u00e9 vyhl\u00e1senie k s\u00fa\u010dasnej kritickej situ\u00e1cii v o\u010dkovan\u00ed det\u00ed a dospel\u00fdch na Slovensku<\/a><\/div>\n","protected":false},"excerpt":{"rendered":"<p>DOKUMENTY A STANOVISK\u00c1 Volebn\u00fd zjazd deleg\u00e1tov Slovenskej lek\u00e1rskej spolo\u010dnosti (28.11.2007) Stanovisko Predsedn\u00edctva SLS k ne\u017eiad\u00facim javom (17.6.2005) Steriliz\u00e1cia &#8211; prehl\u00e1senie (17.6.2005) VOLEBN\u00dd ZJAZD SLS 2011 Pr\u00edhovor prezidenta SLS , Z\u00e1pisnica z v\u00fdsledku volieb a uznesenia Volebn\u00e9ho , Stanovisko Slovenskej lek\u00e1rskej spolo\u010dnosti k s\u00fa\u010dasnej situ\u00e1cii v zdravotn\u00edctve PODPORN\u00c9 STANOVISK\u00c1 List WMA , List EFMA\/WHO , Marburgsk\u00fd [&hellip;]<\/p>\n","protected":false},"author":1,"featured_media":0,"parent":0,"menu_order":0,"comment_status":"closed","ping_status":"closed","template":"","meta":{"footnotes":""},"class_list":["post-1566","page","type-page","status-publish","hentry"],"publishpress_future_action":{"enabled":false,"date":"2026-04-11 08:41:28","action":"change-status","newStatus":"draft","terms":[],"taxonomy":"","extraData":[]},"publishpress_future_workflow_manual_trigger":{"enabledWorkflows":[]},"_links":{"self":[{"href":"https:\/\/sls.sk\/web\/wp-json\/wp\/v2\/pages\/1566","targetHints":{"allow":["GET"]}}],"collection":[{"href":"https:\/\/sls.sk\/web\/wp-json\/wp\/v2\/pages"}],"about":[{"href":"https:\/\/sls.sk\/web\/wp-json\/wp\/v2\/types\/page"}],"author":[{"embeddable":true,"href":"https:\/\/sls.sk\/web\/wp-json\/wp\/v2\/users\/1"}],"replies":[{"embeddable":true,"href":"https:\/\/sls.sk\/web\/wp-json\/wp\/v2\/comments?post=1566"}],"version-history":[{"count":1,"href":"https:\/\/sls.sk\/web\/wp-json\/wp\/v2\/pages\/1566\/revisions"}],"predecessor-version":[{"id":1567,"href":"https:\/\/sls.sk\/web\/wp-json\/wp\/v2\/pages\/1566\/revisions\/1567"}],"wp:attachment":[{"href":"https:\/\/sls.sk\/web\/wp-json\/wp\/v2\/media?parent=1566"}],"curies":[{"name":"wp","href":"https:\/\/api.w.org\/{rel}","templated":true}]}}